{"id":3640,"date":"2024-05-10T06:12:18","date_gmt":"2024-05-10T06:12:18","guid":{"rendered":"https:\/\/horizonmerpenthousealcossebre.com\/?page_id=3640"},"modified":"2024-05-20T08:28:17","modified_gmt":"2024-05-20T08:28:17","slug":"reglas","status":"publish","type":"page","link":"https:\/\/horizonmerpenthousealcossebre.com\/?page_id=3640&lang=es","title":{"rendered":"Reglas"},"content":{"rendered":"\t\t<div data-elementor-type=\"wp-page\" data-elementor-id=\"3640\" class=\"elementor elementor-3640\">\n\t\t\t\t<div class=\"elementor-element elementor-element-8bde33e e-flex e-con-boxed e-con e-parent\" data-id=\"8bde33e\" data-element_type=\"container\">\n\t\t\t\t\t<div class=\"e-con-inner\">\n\t\t<div class=\"elementor-element elementor-element-8bd20c1 e-flex e-con-boxed e-con e-child\" data-id=\"8bd20c1\" data-element_type=\"container\">\n\t\t\t\t\t<div class=\"e-con-inner\">\n\t\t<div class=\"elementor-element elementor-element-bfbca57 e-flex e-con-boxed e-con e-child\" data-id=\"bfbca57\" data-element_type=\"container\" data-settings=\"{&quot;background_background&quot;:&quot;gradient&quot;}\">\n\t\t\t\t\t<div class=\"e-con-inner\">\n\t\t\t\t<div class=\"elementor-element elementor-element-ea3605b elementor-widget elementor-widget-text-editor\" data-id=\"ea3605b\" data-element_type=\"widget\" data-widget_type=\"text-editor.default\">\n\t\t\t\t<div class=\"elementor-widget-container\">\n\t\t\t<style>\/*! elementor - v3.21.0 - 08-05-2024 *\/\n.elementor-widget-text-editor.elementor-drop-cap-view-stacked .elementor-drop-cap{background-color:#69727d;color:#fff}.elementor-widget-text-editor.elementor-drop-cap-view-framed .elementor-drop-cap{color:#69727d;border:3px solid;background-color:transparent}.elementor-widget-text-editor:not(.elementor-drop-cap-view-default) .elementor-drop-cap{margin-top:8px}.elementor-widget-text-editor:not(.elementor-drop-cap-view-default) .elementor-drop-cap-letter{width:1em;height:1em}.elementor-widget-text-editor .elementor-drop-cap{float:left;text-align:center;line-height:1;font-size:50px}.elementor-widget-text-editor .elementor-drop-cap-letter{display:inline-block}<\/style>\t\t\t\t<div class=\"flex flex-grow flex-col max-w-full\"><div class=\"min-h-[20px] text-message flex flex-col items-start whitespace-pre-wrap break-words [.text-message+&amp;]:mt-5 overflow-x-auto gap-3\" dir=\"auto\" data-message-author-role=\"assistant\" data-message-id=\"addf29a9-cea0-4adc-94fa-26fa045e0b49\"><div class=\"markdown prose w-full break-words dark:prose-invert light\"><p><span style=\"font-size: 48px; background-color: transparent;\">Nuestras reglas\u00a0<\/span><\/p><\/div><\/div><\/div>\t\t\t\t\t\t<\/div>\n\t\t\t\t<\/div>\n\t\t\t\t\t<\/div>\n\t\t\t\t<\/div>\n\t\t\t\t\t<\/div>\n\t\t\t\t<\/div>\n\t\t\t\t\t<\/div>\n\t\t\t\t<\/div>\n\t\t<div class=\"elementor-element elementor-element-0431b45 e-flex e-con-boxed e-con e-parent\" data-id=\"0431b45\" data-element_type=\"container\">\n\t\t\t\t\t<div class=\"e-con-inner\">\n\t\t\t\t<div class=\"elementor-element elementor-element-aedcabd elementor-widget elementor-widget-text-editor\" data-id=\"aedcabd\" data-element_type=\"widget\" data-widget_type=\"text-editor.default\">\n\t\t\t\t<div class=\"elementor-widget-container\">\n\t\t\t\t\t\t\t<p><b>Duraci\u00f3n del alquiler<\/b><\/p><p>Esta vivienda se alquila por un per\u00edodo definido durante su reserva, determinado en su contrato de alquiler. En ning\u00fan caso un cliente podr\u00e1 reclamar alg\u00fan derecho a permanecer en el lugar fuera de este per\u00edodo.<\/p><p><b>Llegada y salida<\/b><\/p><p>La llegada est\u00e1 prevista a partir de las 16:00 horas por la tarde.<\/p><p>La salida est\u00e1 prevista por la ma\u00f1ana antes de las 12:00 horas.<\/p><p>A su llegada se le entregar\u00e1n las llaves, el reglamento interno, las exenciones y las condiciones para el uso del spa y las terrazas.<\/p><p>Se realizar\u00e1 un inventario al inicio y al final de la estancia.<\/p><p>\u00a1\u00a1\u00a1Recordatorio!!! El tiempo dedicado a la limpieza debe realizarse el d\u00eda de salida, antes de la hora l\u00edmite.<\/p><p><b>Equipamiento proporcionado<\/b><\/p><p>Esta vivienda se alquila con ropa de cama (somieres y colchones), edredones y almohadas.<br \/>Debe dejar obligatoriamente las s\u00e1banas ajustables para cubrir los colchones, fundas de almohadas y fundas de edred\u00f3n.<\/p><p>Se proporcionan s\u00e1banas y otras prendas de casa (juegos de cama, toallas, pa\u00f1os&#8230;). Cada colch\u00f3n y almohada est\u00e1n equipados con protectores que deben estar limpios y colocados al partir.<\/p><p>Las camas estar\u00e1n hechas a su llegada.<\/p><p>\u00a1\u00a1\u00a1Recordatorio!!! Antes de partir, las camas deben estar hechas y las toallas dobladas en los respectivos ba\u00f1os.<\/p><p><b>Uso de las instalaciones<\/b><\/p><p>Todos los muebles est\u00e1n a su disposici\u00f3n. Por favor, mant\u00e9ngalos en buen estado y limpios.<\/p><p>El suministro de agua, electricidad y calefacci\u00f3n est\u00e1 incluido en el precio del alquiler.<\/p><p>Sin embargo, con el fin de respetar mejor el medio ambiente, apague las luces cuando salga de una habitaci\u00f3n, no deje correr el agua innecesariamente y no deje puertas y ventanas abiertas durante mucho tiempo si utiliza la calefacci\u00f3n o el aire acondicionado.<\/p><p>Todas las comodidades est\u00e1n a su disposici\u00f3n, sujeto a un uso normal y razonable. En este sentido, por favor, no tire nada en el inodoro, excepto el papel higi\u00e9nico.<\/p><p>La puerta de acceso a la vivienda est\u00e1 equipada con cerradura con llave y sistema automatizado. Aseg\u00farese de cerrarlas correctamente al salir. Usted es responsable de cualquier robo o da\u00f1o en caso de incumplimiento de esta cl\u00e1usula.<\/p><p><b>Uso de Internet<\/b><\/p><p>El inquilino se compromete a respetar las leyes sobre descargas y visitas a sitios web. En caso de solicitud por parte de las autoridades competentes, el propietario del alojamiento proporcionar\u00e1 los datos del inquilino que haya utilizado dicha conexi\u00f3n.<\/p><p><br \/><b>Uso del Spa<\/b><\/p><p>El spa est\u00e1 sujeto a la aceptaci\u00f3n del manual de uso y del reglamento espec\u00edfico del spa.<\/p><p><br \/><b>Instrucciones de seguridad y cortes\u00eda<\/b><\/p><p>Por favor, respete la tranquilidad del lugar y \u00faselo de acuerdo con su destino. El volumen de sonido, tanto dentro como fuera de la propiedad, debe ser moderado para respetar la tranquilidad de los vecinos. En caso de conflicto o queja, nos reservamos el derecho de excluir a los clientes responsables del problema.<\/p><p>Para respetar a los vecinos, est\u00e1 estrictamente prohibido hacer ruido despu\u00e9s de las 22:00 horas y antes de las 7:00 horas.<\/p><p>Est\u00e1 estrictamente prohibido fumar dentro del alojamiento.<\/p><p>Durante toda la estancia, los ni\u00f1os son responsabilidad de sus padres. El spa puede representar peligros de ahogamiento, no deje que los ni\u00f1os caminen solos por all\u00ed sin la supervisi\u00f3n de sus padres o un adulto responsable. No sobrepase los l\u00edmites de nuestras terrazas (respete el letrero de sentido prohibido).<\/p><p>Los inquilinos deben asegurarse de cerrar las ventanas en caso de lluvia (especialmente durante tormentas).<\/p><p>Las ventanas deben estar cerradas en caso de ausencia. Cualquier da\u00f1o causado por la lluvia dentro de las habitaciones ser\u00e1 responsabilidad del inquilino.<\/p><p><b>Tarifa de limpieza<\/b><\/p><p>Puede aplicarse una tarifa de limpieza al final de la estancia si el cliente no ha elegido realizar la limpieza por s\u00ed mismo o si un inventario despu\u00e9s de la salida del cliente indica que la limpieza ha sido insuficiente.<\/p><p>En este caso, la tarifa de limpieza de 200 euros incluye especialmente la limpieza de las habitaciones y la ropa de casa. Sin embargo, aseg\u00farese de no dejar el alojamiento desordenado, asegurando la limpieza de los muebles, objetos y vajilla, y no olvide vaciar los cubos de basura.<\/p><p>\u00a1\u00a1\u00a1Recordatorio!!! El alojamiento debe entregarse impecable&#8230;<\/p><p>Los ba\u00f1os: inodoro, ducha y lavabos &#8220;sifones&#8221;<\/p><p>Los electrodom\u00e9sticos (nevera, lavavajillas, lavadora, cafetera, microondas&#8230;)<\/p><p>Los muebles (sillas, sof\u00e1s, mesas&#8230;)<\/p><p>La vajilla (cubiertos, platos, vasos, platos)&#8230; debe estar limpia y ordenada<\/p><p>Los suelos deben aspirarse y limpiarse.<\/p><p>LO MISMO SE APLICA AL EQUIPAMIENTO EXTERIOR<\/p><p>(mesas, sillas, tumbonas, sal\u00f3n exterior&#8230;)<\/p><p><b>Residuos dom\u00e9sticos<\/b><\/p><p>Se proporcionan contenedores. Por favor, respete las normas de reciclaje: Contenedores para envases de cart\u00f3n, pl\u00e1stico, residuos dom\u00e9sticos, vidrio, etc. Hay una cesta de pl\u00e1stico en la terraza para transportar su reciclaje hasta los contenedores en la calle.<br \/>\u00a1\u00a1\u00a1Recordatorio!!! Al partir, por favor no deje nada en los cubos de basura y aseg\u00farese de dejarlos limpios (a menos que haya contratado la tarifa de limpieza &#8220;solo vaciados&#8221;).<\/p><p><b><u>Admisi\u00f3n de animales: no permitido<\/u><\/b><\/p><p><b>Aparcamiento<\/b><\/p><p>Hay un aparcamiento disponible en la residencia, sin embargo, las plazas son limitadas y no se pueden reservar.<\/p><p><b>En caso de problemas<\/b><\/p><ul><li><p>Ante cualquier fallo o mal funcionamiento, le rogamos que nos contacte de inmediato. Haremos todo lo posible para solucionar la situaci\u00f3n. Ning\u00fan reembolso por reparaciones o asistencia ser\u00e1 considerado sin nuestro consentimiento previo.<\/p><\/li><li><p>Si ocurre alg\u00fan da\u00f1o, p\u00e9rdida o deterioro, le agradecemos que lo informe durante su estancia, incluso si no parece haber ning\u00fan da\u00f1o evidente. En caso de p\u00e9rdida o da\u00f1o a elementos de la propiedad, el importe del dep\u00f3sito de seguridad puede ser reducido por el costo de reparaci\u00f3n o reemplazo, o si este no cubre el reemplazo o la reparaci\u00f3n, se le enviar\u00e1 una factura adicional.<\/p><\/li><\/ul><p><b>En caso de da\u00f1os m\u00e1s significativos:<\/b><\/p><p>Su seguro de hogar incluye una cl\u00e1usula de responsabilidad civil que deber\u00eda cubrir su responsabilidad en caso de problemas durante su alquiler.<\/p><p>Antes de partir, revise su contrato. Recuerde llevar consigo una copia para tener toda la informaci\u00f3n necesaria.<\/p><p>Aseg\u00farese de estar debidamente cubierto contra los riesgos de los cuales se presume que usted es responsable (incendio, da\u00f1os por agua, etc.).<\/p><p>AGRADECEMOS DE ANTEMANO SU COOPERACI\u00d3N Y&#8230; \u00a1QUE TENGA UNA ESTANCIA AGRADABLE!<\/p><p>Yo, el\/la abajo firmante,<\/p><p>Sr.\/Sra. \u2026\u2026\u2026\u2026\u2026\u2026\u2026\u2026\u2026\u2026\u2026\u2026\u2026\u2026\u2026\u2026\u2026\u2026\u2026\u2026\u2026\u2026\u2026\u2026\u2026\u2026\u2026\u2026\u2026\u2026\u2026\u2026\u2026\u2026\u2026\u2026\u2026<\/p><p>designado\/a como inquilino\/a, reconozco haber le\u00eddo y aceptado el reglamento interno del apartamento.<\/p><p>Fecha y firma: _________________________ Menci\u00f3n manuscrita &#8220;le\u00eddo y aprobado&#8221;<\/p><p>\u00a0<\/p>\t\t\t\t\t\t<\/div>\n\t\t\t\t<\/div>\n\t\t\t\t\t<\/div>\n\t\t\t\t<\/div>\n\t\t<div class=\"elementor-element elementor-element-bb13f72 e-flex e-con-boxed e-con e-parent\" data-id=\"bb13f72\" data-element_type=\"container\">\n\t\t\t\t\t<div class=\"e-con-inner\">\n\t\t<div class=\"elementor-element elementor-element-8554c83 e-grid e-con-boxed e-con e-child\" data-id=\"8554c83\" data-element_type=\"container\">\n\t\t\t\t\t<div class=\"e-con-inner\">\n\t\t\t\t<div class=\"elementor-element elementor-element-75ed3aa elementor-widget elementor-widget-image\" data-id=\"75ed3aa\" data-element_type=\"widget\" data-widget_type=\"image.default\">\n\t\t\t\t<div class=\"elementor-widget-container\">\n\t\t\t<style>\/*! elementor - v3.21.0 - 08-05-2024 *\/\n.elementor-widget-image{text-align:center}.elementor-widget-image a{display:inline-block}.elementor-widget-image a img[src$=\".svg\"]{width:48px}.elementor-widget-image img{vertical-align:middle;display:inline-block}<\/style>\t\t\t\t\t\t\t\t\t\t<img fetchpriority=\"high\" decoding=\"async\" width=\"650\" height=\"433\" src=\"https:\/\/horizonmerpenthousealcossebre.com\/wp-content\/uploads\/2024\/05\/numeros-utiles-espagne.jpg\" class=\"attachment-large size-large wp-image-3831\" alt=\"\" srcset=\"https:\/\/horizonmerpenthousealcossebre.com\/wp-content\/uploads\/2024\/05\/numeros-utiles-espagne.jpg 650w, https:\/\/horizonmerpenthousealcossebre.com\/wp-content\/uploads\/2024\/05\/numeros-utiles-espagne-300x200.jpg 300w\" sizes=\"(max-width: 650px) 100vw, 650px\" \/>\t\t\t\t\t\t\t\t\t\t\t\t\t<\/div>\n\t\t\t\t<\/div>\n\t\t\t\t<div class=\"elementor-element elementor-element-ae7384a elementor-widget elementor-widget-text-editor\" data-id=\"ae7384a\" data-element_type=\"widget\" data-widget_type=\"text-editor.default\">\n\t\t\t\t<div class=\"elementor-widget-container\">\n\t\t\t\t\t\t\t<div class=\"flex-shrink-0 flex flex-col relative items-end\"><div><div class=\"pt-0.5\"><div class=\"gizmo-bot-avatar flex h-6 w-6 items-center justify-center overflow-hidden rounded-full juice:h-8 juice:w-8\">\u00a0<\/div><\/div><\/div><\/div><div class=\"relative flex w-full min-w-0 flex-col agent-turn\"><div class=\"font-semibold select-none\"><b>N\u00fameros \u00fatiles en Espa\u00f1a<\/b><\/div><div class=\"font-semibold select-none\"><b>\u00a0<\/b><\/div><div class=\"flex-col gap-1 md:gap-3\"><div class=\"flex flex-grow flex-col max-w-full\"><div class=\"min-h-[20px] text-message flex flex-col items-start whitespace-pre-wrap break-words [.text-message+&amp;]:mt-5 juice:w-full juice:items-end overflow-x-auto gap-3\" dir=\"auto\" data-message-author-role=\"assistant\" data-message-id=\"4a8a5461-057f-44e4-81dc-e088ce394af4\"><div class=\"markdown prose w-full break-words dark:prose-invert light\"><p>Si se trata de una cuesti\u00f3n de salud<\/p><ul><li>Urgencias m\u00e9dicas (n\u00famero general europeo) \u2013 112<\/li><li>Urgencias m\u00e9dicas (n\u00famero nacional) &#8211; 061<\/li><li>Urgencias Cruz Roja &#8211; 901 222 222\u00a0<\/li><li>Instituto Nacional de Toxicolog\u00eda \u2013 915 620 420<\/li><li>Protecci\u00f3n Civil &#8211; 1006<\/li><\/ul><p>Si su seguridad est\u00e1 en peligro<\/p><ul><li>Polic\u00eda Nacional \u2013 091<\/li><li>Polic\u00eda Municipal (n\u00famero general para cualquier ciudad) &#8211; 092<\/li><li>Guardia Civil \u2013 062<\/li><li>Violencia de g\u00e9nero &#8211; 016 (o por WhatsApp al 600 000 016)<\/li><li>Salvamento mar\u00edtimo &#8211; 900 202 202<\/li><\/ul><p>En caso de incendio<\/p><ul><li>Bomberos \u2013 080 o 085<\/li><\/ul><p>En caso de robo<\/p><ul><li>Anulaci\u00f3n de tarjeta bancaria Visa Espa\u00f1a &#8211; 900 991 124<\/li><li>Anulaci\u00f3n de tarjeta bancaria MasterCard Espa\u00f1a &#8211; 900 971 231<\/li><li>Anulaci\u00f3n de tarjeta bancaria American Express Espa\u00f1a &#8211; 900 814 500<\/li><\/ul><p>Robo durante una estancia tur\u00edstica<\/p><ul><li>Servicio de Atenci\u00f3n al Turista Extranjero &#8211; 902 102 112<\/li><\/ul><\/div><\/div><\/div><\/div><\/div>\t\t\t\t\t\t<\/div>\n\t\t\t\t<\/div>\n\t\t\t\t\t<\/div>\n\t\t\t\t<\/div>\n\t\t\t\t\t<\/div>\n\t\t\t\t<\/div>\n\t\t\t\t<\/div>\n\t\t","protected":false},"excerpt":{"rendered":"<p>Nuestras reglas\u00a0 Duraci\u00f3n del alquiler Esta vivienda se alquila por un per\u00edodo definido durante su reserva, determinado en su contrato de alquiler. En ning\u00fan caso un cliente podr\u00e1 reclamar alg\u00fan derecho a permanecer en el lugar fuera de este per\u00edodo. Llegada y salida La llegada est\u00e1 prevista a partir de las 16:00 horas por la [&hellip;]<\/p>\n","protected":false},"author":1,"featured_media":0,"parent":0,"menu_order":0,"comment_status":"closed","ping_status":"closed","template":"elementor_header_footer","meta":{"ocean_post_layout":"","ocean_both_sidebars_style":"","ocean_both_sidebars_content_width":0,"ocean_both_sidebars_sidebars_width":0,"ocean_sidebar":"","ocean_second_sidebar":"","ocean_disable_margins":"enable","ocean_add_body_class":"","ocean_shortcode_before_top_bar":"","ocean_shortcode_after_top_bar":"","ocean_shortcode_before_header":"","ocean_shortcode_after_header":"","ocean_has_shortcode":"","ocean_shortcode_after_title":"","ocean_shortcode_before_footer_widgets":"","ocean_shortcode_after_footer_widgets":"","ocean_shortcode_before_footer_bottom":"","ocean_shortcode_after_footer_bottom":"","ocean_display_top_bar":"default","ocean_display_header":"default","ocean_header_style":"","ocean_center_header_left_menu":"","ocean_custom_header_template":"","ocean_custom_logo":0,"ocean_custom_retina_logo":0,"ocean_custom_logo_max_width":0,"ocean_custom_logo_tablet_max_width":0,"ocean_custom_logo_mobile_max_width":0,"ocean_custom_logo_max_height":0,"ocean_custom_logo_tablet_max_height":0,"ocean_custom_logo_mobile_max_height":0,"ocean_header_custom_menu":"","ocean_menu_typo_font_family":"","ocean_menu_typo_font_subset":"","ocean_menu_typo_font_size":0,"ocean_menu_typo_font_size_tablet":0,"ocean_menu_typo_font_size_mobile":0,"ocean_menu_typo_font_size_unit":"px","ocean_menu_typo_font_weight":"","ocean_menu_typo_font_weight_tablet":"","ocean_menu_typo_font_weight_mobile":"","ocean_menu_typo_transform":"","ocean_menu_typo_transform_tablet":"","ocean_menu_typo_transform_mobile":"","ocean_menu_typo_line_height":0,"ocean_menu_typo_line_height_tablet":0,"ocean_menu_typo_line_height_mobile":0,"ocean_menu_typo_line_height_unit":"","ocean_menu_typo_spacing":0,"ocean_menu_typo_spacing_tablet":0,"ocean_menu_typo_spacing_mobile":0,"ocean_menu_typo_spacing_unit":"","ocean_menu_link_color":"","ocean_menu_link_color_hover":"","ocean_menu_link_color_active":"","ocean_menu_link_background":"","ocean_menu_link_hover_background":"","ocean_menu_link_active_background":"","ocean_menu_social_links_bg":"","ocean_menu_social_hover_links_bg":"","ocean_menu_social_links_color":"","ocean_menu_social_hover_links_color":"","ocean_disable_title":"default","ocean_disable_heading":"default","ocean_post_title":"","ocean_post_subheading":"","ocean_post_title_style":"","ocean_post_title_background_color":"","ocean_post_title_background":0,"ocean_post_title_bg_image_position":"","ocean_post_title_bg_image_attachment":"","ocean_post_title_bg_image_repeat":"","ocean_post_title_bg_image_size":"","ocean_post_title_height":0,"ocean_post_title_bg_overlay":0.5,"ocean_post_title_bg_overlay_color":"","ocean_disable_breadcrumbs":"default","ocean_breadcrumbs_color":"","ocean_breadcrumbs_separator_color":"","ocean_breadcrumbs_links_color":"","ocean_breadcrumbs_links_hover_color":"","ocean_display_footer_widgets":"default","ocean_display_footer_bottom":"default","ocean_custom_footer_template":"","footnotes":""},"class_list":["post-3640","page","type-page","status-publish","hentry","entry"],"yoast_head":"<!-- This site is optimized with the Yoast SEO plugin v22.7 - https:\/\/yoast.com\/wordpress\/plugins\/seo\/ -->\n<title>Reglas - horizonmerpenthousealcossebre.com<\/title>\n<meta name=\"robots\" content=\"index, follow, max-snippet:-1, max-image-preview:large, max-video-preview:-1\" \/>\n<link rel=\"canonical\" href=\"https:\/\/horizonmerpenthousealcossebre.com\/?page_id=3640&lang=es\" \/>\n<meta property=\"og:locale\" content=\"en_US\" \/>\n<meta property=\"og:type\" content=\"article\" \/>\n<meta property=\"og:title\" content=\"Reglas - horizonmerpenthousealcossebre.com\" \/>\n<meta property=\"og:description\" content=\"Nuestras reglas\u00a0 Duraci\u00f3n del alquiler Esta vivienda se alquila por un per\u00edodo definido durante su reserva, determinado en su contrato de alquiler. En ning\u00fan caso un cliente podr\u00e1 reclamar alg\u00fan derecho a permanecer en el lugar fuera de este per\u00edodo. Llegada y salida La llegada est\u00e1 prevista a partir de las 16:00 horas por la [&hellip;]\" \/>\n<meta property=\"og:url\" content=\"https:\/\/horizonmerpenthousealcossebre.com\/?page_id=3640&amp;lang=es\" \/>\n<meta property=\"og:site_name\" content=\"horizonmerpenthousealcossebre.com\" \/>\n<meta property=\"article:modified_time\" content=\"2024-05-20T08:28:17+00:00\" \/>\n<meta property=\"og:image\" content=\"https:\/\/horizonmerpenthousealcossebre.com\/wp-content\/uploads\/2024\/05\/numeros-utiles-espagne.jpg\" \/>\n<meta name=\"twitter:card\" content=\"summary_large_image\" \/>\n<meta name=\"twitter:label1\" content=\"Est. reading time\" \/>\n\t<meta name=\"twitter:data1\" content=\"6 minutes\" \/>\n<script type=\"application\/ld+json\" class=\"yoast-schema-graph\">{\"@context\":\"https:\/\/schema.org\",\"@graph\":[{\"@type\":\"WebPage\",\"@id\":\"https:\/\/horizonmerpenthousealcossebre.com\/?page_id=3640&lang=es\",\"url\":\"https:\/\/horizonmerpenthousealcossebre.com\/?page_id=3640&lang=es\",\"name\":\"Reglas - horizonmerpenthousealcossebre.com\",\"isPartOf\":{\"@id\":\"https:\/\/horizonmerpenthousealcossebre.com\/#website\"},\"primaryImageOfPage\":{\"@id\":\"https:\/\/horizonmerpenthousealcossebre.com\/?page_id=3640&lang=es#primaryimage\"},\"image\":{\"@id\":\"https:\/\/horizonmerpenthousealcossebre.com\/?page_id=3640&lang=es#primaryimage\"},\"thumbnailUrl\":\"https:\/\/horizonmerpenthousealcossebre.com\/wp-content\/uploads\/2024\/05\/numeros-utiles-espagne.jpg\",\"datePublished\":\"2024-05-10T06:12:18+00:00\",\"dateModified\":\"2024-05-20T08:28:17+00:00\",\"breadcrumb\":{\"@id\":\"https:\/\/horizonmerpenthousealcossebre.com\/?page_id=3640&lang=es#breadcrumb\"},\"inLanguage\":\"en-US\",\"potentialAction\":[{\"@type\":\"ReadAction\",\"target\":[\"https:\/\/horizonmerpenthousealcossebre.com\/?page_id=3640&lang=es\"]}]},{\"@type\":\"ImageObject\",\"inLanguage\":\"en-US\",\"@id\":\"https:\/\/horizonmerpenthousealcossebre.com\/?page_id=3640&lang=es#primaryimage\",\"url\":\"https:\/\/horizonmerpenthousealcossebre.com\/wp-content\/uploads\/2024\/05\/numeros-utiles-espagne.jpg\",\"contentUrl\":\"https:\/\/horizonmerpenthousealcossebre.com\/wp-content\/uploads\/2024\/05\/numeros-utiles-espagne.jpg\",\"width\":650,\"height\":433},{\"@type\":\"BreadcrumbList\",\"@id\":\"https:\/\/horizonmerpenthousealcossebre.com\/?page_id=3640&lang=es#breadcrumb\",\"itemListElement\":[{\"@type\":\"ListItem\",\"position\":1,\"name\":\"Home\",\"item\":\"https:\/\/horizonmerpenthousealcossebre.com\/\"},{\"@type\":\"ListItem\",\"position\":2,\"name\":\"Reglas\"}]},{\"@type\":\"WebSite\",\"@id\":\"https:\/\/horizonmerpenthousealcossebre.com\/#website\",\"url\":\"https:\/\/horizonmerpenthousealcossebre.com\/\",\"name\":\"horizonmerpenthousealcossebre.com\",\"description\":\"\",\"potentialAction\":[{\"@type\":\"SearchAction\",\"target\":{\"@type\":\"EntryPoint\",\"urlTemplate\":\"https:\/\/horizonmerpenthousealcossebre.com\/?s={search_term_string}\"},\"query-input\":\"required name=search_term_string\"}],\"inLanguage\":\"en-US\"}]}<\/script>\n<!-- \/ Yoast SEO plugin. -->","yoast_head_json":{"title":"Reglas - horizonmerpenthousealcossebre.com","robots":{"index":"index","follow":"follow","max-snippet":"max-snippet:-1","max-image-preview":"max-image-preview:large","max-video-preview":"max-video-preview:-1"},"canonical":"https:\/\/horizonmerpenthousealcossebre.com\/?page_id=3640&lang=es","og_locale":"en_US","og_type":"article","og_title":"Reglas - horizonmerpenthousealcossebre.com","og_description":"Nuestras reglas\u00a0 Duraci\u00f3n del alquiler Esta vivienda se alquila por un per\u00edodo definido durante su reserva, determinado en su contrato de alquiler. En ning\u00fan caso un cliente podr\u00e1 reclamar alg\u00fan derecho a permanecer en el lugar fuera de este per\u00edodo. Llegada y salida La llegada est\u00e1 prevista a partir de las 16:00 horas por la [&hellip;]","og_url":"https:\/\/horizonmerpenthousealcossebre.com\/?page_id=3640&lang=es","og_site_name":"horizonmerpenthousealcossebre.com","article_modified_time":"2024-05-20T08:28:17+00:00","og_image":[{"url":"https:\/\/horizonmerpenthousealcossebre.com\/wp-content\/uploads\/2024\/05\/numeros-utiles-espagne.jpg"}],"twitter_card":"summary_large_image","twitter_misc":{"Est. reading time":"6 minutes"},"schema":{"@context":"https:\/\/schema.org","@graph":[{"@type":"WebPage","@id":"https:\/\/horizonmerpenthousealcossebre.com\/?page_id=3640&lang=es","url":"https:\/\/horizonmerpenthousealcossebre.com\/?page_id=3640&lang=es","name":"Reglas - horizonmerpenthousealcossebre.com","isPartOf":{"@id":"https:\/\/horizonmerpenthousealcossebre.com\/#website"},"primaryImageOfPage":{"@id":"https:\/\/horizonmerpenthousealcossebre.com\/?page_id=3640&lang=es#primaryimage"},"image":{"@id":"https:\/\/horizonmerpenthousealcossebre.com\/?page_id=3640&lang=es#primaryimage"},"thumbnailUrl":"https:\/\/horizonmerpenthousealcossebre.com\/wp-content\/uploads\/2024\/05\/numeros-utiles-espagne.jpg","datePublished":"2024-05-10T06:12:18+00:00","dateModified":"2024-05-20T08:28:17+00:00","breadcrumb":{"@id":"https:\/\/horizonmerpenthousealcossebre.com\/?page_id=3640&lang=es#breadcrumb"},"inLanguage":"en-US","potentialAction":[{"@type":"ReadAction","target":["https:\/\/horizonmerpenthousealcossebre.com\/?page_id=3640&lang=es"]}]},{"@type":"ImageObject","inLanguage":"en-US","@id":"https:\/\/horizonmerpenthousealcossebre.com\/?page_id=3640&lang=es#primaryimage","url":"https:\/\/horizonmerpenthousealcossebre.com\/wp-content\/uploads\/2024\/05\/numeros-utiles-espagne.jpg","contentUrl":"https:\/\/horizonmerpenthousealcossebre.com\/wp-content\/uploads\/2024\/05\/numeros-utiles-espagne.jpg","width":650,"height":433},{"@type":"BreadcrumbList","@id":"https:\/\/horizonmerpenthousealcossebre.com\/?page_id=3640&lang=es#breadcrumb","itemListElement":[{"@type":"ListItem","position":1,"name":"Home","item":"https:\/\/horizonmerpenthousealcossebre.com\/"},{"@type":"ListItem","position":2,"name":"Reglas"}]},{"@type":"WebSite","@id":"https:\/\/horizonmerpenthousealcossebre.com\/#website","url":"https:\/\/horizonmerpenthousealcossebre.com\/","name":"horizonmerpenthousealcossebre.com","description":"","potentialAction":[{"@type":"SearchAction","target":{"@type":"EntryPoint","urlTemplate":"https:\/\/horizonmerpenthousealcossebre.com\/?s={search_term_string}"},"query-input":"required name=search_term_string"}],"inLanguage":"en-US"}]}},"_links":{"self":[{"href":"https:\/\/horizonmerpenthousealcossebre.com\/index.php?rest_route=\/wp\/v2\/pages\/3640","targetHints":{"allow":["GET"]}}],"collection":[{"href":"https:\/\/horizonmerpenthousealcossebre.com\/index.php?rest_route=\/wp\/v2\/pages"}],"about":[{"href":"https:\/\/horizonmerpenthousealcossebre.com\/index.php?rest_route=\/wp\/v2\/types\/page"}],"author":[{"embeddable":true,"href":"https:\/\/horizonmerpenthousealcossebre.com\/index.php?rest_route=\/wp\/v2\/users\/1"}],"replies":[{"embeddable":true,"href":"https:\/\/horizonmerpenthousealcossebre.com\/index.php?rest_route=%2Fwp%2Fv2%2Fcomments&post=3640"}],"version-history":[{"count":22,"href":"https:\/\/horizonmerpenthousealcossebre.com\/index.php?rest_route=\/wp\/v2\/pages\/3640\/revisions"}],"predecessor-version":[{"id":4246,"href":"https:\/\/horizonmerpenthousealcossebre.com\/index.php?rest_route=\/wp\/v2\/pages\/3640\/revisions\/4246"}],"wp:attachment":[{"href":"https:\/\/horizonmerpenthousealcossebre.com\/index.php?rest_route=%2Fwp%2Fv2%2Fmedia&parent=3640"}],"curies":[{"name":"wp","href":"https:\/\/api.w.org\/{rel}","templated":true}]}}